{"id":13466,"date":"2024-08-22T13:56:25","date_gmt":"2024-08-22T11:56:25","guid":{"rendered":"https:\/\/bertonbois.com\/?post_type=product&#038;p=13466"},"modified":"2025-12-03T14:06:42","modified_gmt":"2025-12-03T13:06:42","slug":"granules-de-bois-eo2-palette-de-66-sacs-de-15kg","status":"publish","type":"product","link":"https:\/\/bertonbois.com\/index.php\/produit\/granules-de-bois-eo2-palette-de-66-sacs-de-15kg\/","title":{"rendered":"Granul\u00e9s de bois EO2, palette de 66 sacs de 15kg"},"content":{"rendered":"<table class=\"table table-striped\" border=\"0\" cellpadding=\"0\">\n<tbody>\n<tr>\n<td><strong>Propri\u00e9t\u00e9s<\/strong><\/td>\n<td><strong>DINplus<\/strong><\/td>\n<td><strong>EO2*<\/strong><\/td>\n<\/tr>\n<tr>\n<td>Taux d\u2019humidit\u00e9<\/td>\n<td>\u2264 10%<\/td>\n<td>&lt; 8 %<\/td>\n<\/tr>\n<tr>\n<td>Additifs<\/td>\n<td>\u2264 2%<\/td>\n<td>aucun<\/td>\n<\/tr>\n<tr>\n<td>Diam\u00e8tre<\/td>\n<td>6 mm<\/td>\n<td>6 mm<\/td>\n<\/tr>\n<tr>\n<td>Longueur *<\/td>\n<td>de 3,15 \u00e0 40 mm<\/td>\n<td>de 3,15 \u00e0 40 mm<\/td>\n<\/tr>\n<tr>\n<td>Taux de cendres \u00e0 550\u00b0C<\/td>\n<td>\u2264 0,7%<\/td>\n<td>\u2264 0,7%<\/td>\n<\/tr>\n<tr>\n<td>Taux de poussi\u00e8res<\/td>\n<td>\u2264 0,5%<\/td>\n<td>\u2264 0,5%<\/td>\n<\/tr>\n<tr>\n<td>PCI sur sec<\/td>\n<td>entre 4,6 et 5,3 kWh\/kg<\/td>\n<td>entre 4,6 et 5,3 kWh\/kg<\/td>\n<\/tr>\n<tr>\n<td>Densit\u00e9 apparente<\/td>\n<td>\u2265 600 kg\/m3<\/td>\n<td>600 kg\/m3<\/td>\n<\/tr>\n<tr>\n<td>Taux de S, N, Cl<\/td>\n<td>n\u00e9gligeable<\/td>\n<td>n\u00e9gligeable<\/td>\n<\/tr>\n<\/tbody>\n<\/table>\n","protected":false},"excerpt":{"rendered":"<div class=\"woocommerce-product-details__short-description\">\n<ul>\n<li>Fabrication : France<\/li>\n<li>Composition : \u00e0 partir de bois de r\u00e9sineux<\/li>\n<li>Certification : DINplus 7A106<\/li>\n<li>Qualit\u00e9 : la r\u00e9f\u00e9rence du march\u00e9<\/li>\n<li>Conditionnement sac : Sac de 15 kg \u00e0 l\u2019Unit\u00e9<\/li>\n<li>Conditionnement palette : Palette de 66 sacs (\u22481 tonne) \u2013 dimensions palette : 80 x 120 cm de large et 165 cm de hauteur<\/li>\n<\/ul>\n<\/div>\n","protected":false},"featured_media":13529,"comment_status":"open","ping_status":"closed","template":"","meta":[],"product_brand":[],"product_cat":[516],"product_tag":[],"class_list":{"0":"post-13466","1":"product","2":"type-product","3":"status-publish","4":"has-post-thumbnail","6":"product_cat-granules-de-bois","8":"first","9":"instock","10":"taxable","11":"shipping-taxable","12":"purchasable","13":"product-type-simple"},"_links":{"self":[{"href":"https:\/\/bertonbois.com\/index.php\/wp-json\/wp\/v2\/product\/13466","targetHints":{"allow":["GET"]}}],"collection":[{"href":"https:\/\/bertonbois.com\/index.php\/wp-json\/wp\/v2\/product"}],"about":[{"href":"https:\/\/bertonbois.com\/index.php\/wp-json\/wp\/v2\/types\/product"}],"replies":[{"embeddable":true,"href":"https:\/\/bertonbois.com\/index.php\/wp-json\/wp\/v2\/comments?post=13466"}],"version-history":[{"count":1,"href":"https:\/\/bertonbois.com\/index.php\/wp-json\/wp\/v2\/product\/13466\/revisions"}],"predecessor-version":[{"id":13530,"href":"https:\/\/bertonbois.com\/index.php\/wp-json\/wp\/v2\/product\/13466\/revisions\/13530"}],"wp:featuredmedia":[{"embeddable":true,"href":"https:\/\/bertonbois.com\/index.php\/wp-json\/wp\/v2\/media\/13529"}],"wp:attachment":[{"href":"https:\/\/bertonbois.com\/index.php\/wp-json\/wp\/v2\/media?parent=13466"}],"wp:term":[{"taxonomy":"product_brand","embeddable":true,"href":"https:\/\/bertonbois.com\/index.php\/wp-json\/wp\/v2\/product_brand?post=13466"},{"taxonomy":"product_cat","embeddable":true,"href":"https:\/\/bertonbois.com\/index.php\/wp-json\/wp\/v2\/product_cat?post=13466"},{"taxonomy":"product_tag","embeddable":true,"href":"https:\/\/bertonbois.com\/index.php\/wp-json\/wp\/v2\/product_tag?post=13466"}],"curies":[{"name":"wp","href":"https:\/\/api.w.org\/{rel}","templated":true}]}}