{"id":13459,"date":"2024-08-22T13:56:25","date_gmt":"2024-08-22T11:56:25","guid":{"rendered":"https:\/\/bertonbois.com\/?post_type=product&#038;p=13459"},"modified":"2025-12-03T14:14:24","modified_gmt":"2025-12-03T13:14:24","slug":"pellet-din-pellets-palette-de-65-sacs-de-15-kg","status":"publish","type":"product","link":"https:\/\/bertonbois.com\/index.php\/produit\/pellet-din-pellets-palette-de-65-sacs-de-15-kg\/","title":{"rendered":"Pellet Din Pellets \u2013 Palette de 65 sacs de 15 kg"},"content":{"rendered":"<p>Les granul\u00e9s de bois DIN Pellets sont fabriqu\u00e9s dans le Nord de la France.<\/p>\n<p>Ils sont issus de sciures de bois de leur propre usine, ses sciures sont compact\u00e9es sans additif, ni colle, ni produits chimiques.<\/p>\n<p>Ces pellets sont certifi\u00e9s DIN Plus, norme Allemande, r\u00e9pondant \u00e0 des crit\u00e8res stricts de fabrication.<\/p>\n<p>La qualit\u00e9 de ces pellets est class\u00e9e dans la gamme standard pour convenir parfaitement \u00e0 tous les po\u00eales, inserts ou chaudi\u00e8res \u00e0 granul\u00e9s, sans les encrasser.<\/p>\n<p>Gr\u00e2ce \u00e0 leur mode de fabrication, ces granul\u00e9s poss\u00e8dent un taux tr\u00e8s faible d\u2019humidit\u00e9 pour vous garantir une meilleure combustion et une chaleur constante.<\/p>\n<p>Ce granul\u00e9 est 100% Fran\u00e7ais, en l\u2019achetant, vous choisissez un moyen de chauffage \u00e9cologique et \u00e9conomique.<\/p>\n<p>&nbsp;<\/p>\n<div class=\"product-reference\"><label class=\"label\">R\u00e9f\u00e9rence<\/label>\u00a0PELLET_PALETTE_DINPELLETS<\/div>\n<div class=\"product-out-of-stock\"><\/div>\n<h3 class=\"h6\">Fiche technique<\/h3>\n<dl class=\"data-sheet\">\n<dt class=\"name\">Composition<\/dt>\n<dd class=\"value\">100% r\u00e9sineux<\/dd>\n<dt class=\"name\">Certificats<\/dt>\n<dd class=\"value\">DIN Plus<\/dd>\n<dt class=\"name\">Pouvoir Calorifique<\/dt>\n<dd class=\"value\">Sup\u00e9rieur \u00e0 4,8 kWh\/kg<\/dd>\n<dt class=\"name\">Taux D\u2019humidit\u00e9<\/dt>\n<dd class=\"value\">Inf\u00e9rieur \u00e0 10 %<\/dd>\n<dt class=\"name\">Taux De Cendres<\/dt>\n<dd class=\"value\">Inf\u00e9rieur \u00e0 0,5 %<\/dd>\n<dt class=\"name\">Taux De Poussi\u00e8re<\/dt>\n<dd class=\"value\">Inf\u00e9rieur \u00e0 1 %<\/dd>\n<dt class=\"name\">Longueur<\/dt>\n<dd class=\"value\">20 \u00e0 45 mm<\/dd>\n<dt class=\"name\">Diam\u00e8tre<\/dt>\n<dd class=\"value\">6 mm<\/dd>\n<dt class=\"name\">Conditionnement<\/dt>\n<dd class=\"value\">Palette<\/dd>\n<dt class=\"name\">Origine<\/dt>\n<dd class=\"value\">France<\/dd>\n<\/dl>\n","protected":false},"excerpt":{"rendered":"<p>Granul\u00e9s de bois DIN PELLETS, certifi\u00e9s DIN Plus et 100% r\u00e9sineux.<\/p>\n<p>Fabriqu\u00e9s dans le Nord de la France pour un produit tr\u00e8s local et de qualit\u00e9.<\/p>\n<p>&nbsp;<\/p>\n","protected":false},"featured_media":13515,"comment_status":"open","ping_status":"closed","template":"","meta":[],"product_brand":[],"product_cat":[516],"product_tag":[],"class_list":{"0":"post-13459","1":"product","2":"type-product","3":"status-publish","4":"has-post-thumbnail","6":"product_cat-granules-de-bois","8":"first","9":"instock","10":"taxable","11":"shipping-taxable","12":"purchasable","13":"product-type-simple"},"_links":{"self":[{"href":"https:\/\/bertonbois.com\/index.php\/wp-json\/wp\/v2\/product\/13459","targetHints":{"allow":["GET"]}}],"collection":[{"href":"https:\/\/bertonbois.com\/index.php\/wp-json\/wp\/v2\/product"}],"about":[{"href":"https:\/\/bertonbois.com\/index.php\/wp-json\/wp\/v2\/types\/product"}],"replies":[{"embeddable":true,"href":"https:\/\/bertonbois.com\/index.php\/wp-json\/wp\/v2\/comments?post=13459"}],"version-history":[{"count":1,"href":"https:\/\/bertonbois.com\/index.php\/wp-json\/wp\/v2\/product\/13459\/revisions"}],"predecessor-version":[{"id":13516,"href":"https:\/\/bertonbois.com\/index.php\/wp-json\/wp\/v2\/product\/13459\/revisions\/13516"}],"wp:featuredmedia":[{"embeddable":true,"href":"https:\/\/bertonbois.com\/index.php\/wp-json\/wp\/v2\/media\/13515"}],"wp:attachment":[{"href":"https:\/\/bertonbois.com\/index.php\/wp-json\/wp\/v2\/media?parent=13459"}],"wp:term":[{"taxonomy":"product_brand","embeddable":true,"href":"https:\/\/bertonbois.com\/index.php\/wp-json\/wp\/v2\/product_brand?post=13459"},{"taxonomy":"product_cat","embeddable":true,"href":"https:\/\/bertonbois.com\/index.php\/wp-json\/wp\/v2\/product_cat?post=13459"},{"taxonomy":"product_tag","embeddable":true,"href":"https:\/\/bertonbois.com\/index.php\/wp-json\/wp\/v2\/product_tag?post=13459"}],"curies":[{"name":"wp","href":"https:\/\/api.w.org\/{rel}","templated":true}]}}