{"id":13451,"date":"2024-08-22T13:56:24","date_gmt":"2024-08-22T11:56:24","guid":{"rendered":"https:\/\/bertonbois.com\/?post_type=product&#038;p=13451"},"modified":"2025-12-03T14:53:54","modified_gmt":"2025-12-03T13:53:54","slug":"palette-de-pellet-starforest-palette-de-70-sacs-de-15-kg","status":"publish","type":"product","link":"https:\/\/bertonbois.com\/index.php\/produit\/palette-de-pellet-starforest-palette-de-70-sacs-de-15-kg\/","title":{"rendered":"Palette de Pellet Starforest &#8211; Palette de 70 sacs de 15 kg"},"content":{"rendered":"<p>Les pellets STARFOREST vous garantissent une bonne combustion, ils sont parfaits pour les po\u00eales, inserts et chaudi\u00e8res \u00e0 granul\u00e9s.<\/p>\n<p>Ils sont fabriqu\u00e9s dans l\u2019Est de la France et plus exactement en Champagne Ardenne.<\/p>\n<p>Composition 100% r\u00e9sineux<br \/>\nCertificats DIN Plus<br \/>\nPouvoir Calorifique Sup\u00e9rieur \u00e0 5 kWh\/kg<br \/>\nTaux D\u2019humidit\u00e9 Inf\u00e9rieur \u00e0 10 %<br \/>\nTaux De Cendres Inf\u00e9rieur \u00e0 0,7 %<br \/>\nTaux De Poussi\u00e8re Inf\u00e9rieur \u00e0 0,5 %<br \/>\nDiam\u00e8tre 6 mm<br \/>\nConditionnement Palette<br \/>\nOrigine France<\/p>\n","protected":false},"excerpt":{"rendered":"<p>Ils sont de tr\u00e8s bonne qualit\u00e9 avec un prix tr\u00e8s abordable, en choisissant un pellet Fran\u00e7ais, vous participez \u00e0 la r\u00e9duction de CO2.<\/p>\n<p>&nbsp;<\/p>\n","protected":false},"featured_media":13498,"comment_status":"open","ping_status":"closed","template":"","meta":[],"product_brand":[],"product_cat":[516],"product_tag":[],"class_list":{"0":"post-13451","1":"product","2":"type-product","3":"status-publish","4":"has-post-thumbnail","6":"product_cat-granules-de-bois","8":"first","9":"instock","10":"taxable","11":"shipping-taxable","12":"purchasable","13":"product-type-simple"},"_links":{"self":[{"href":"https:\/\/bertonbois.com\/index.php\/wp-json\/wp\/v2\/product\/13451","targetHints":{"allow":["GET"]}}],"collection":[{"href":"https:\/\/bertonbois.com\/index.php\/wp-json\/wp\/v2\/product"}],"about":[{"href":"https:\/\/bertonbois.com\/index.php\/wp-json\/wp\/v2\/types\/product"}],"replies":[{"embeddable":true,"href":"https:\/\/bertonbois.com\/index.php\/wp-json\/wp\/v2\/comments?post=13451"}],"version-history":[{"count":1,"href":"https:\/\/bertonbois.com\/index.php\/wp-json\/wp\/v2\/product\/13451\/revisions"}],"predecessor-version":[{"id":13499,"href":"https:\/\/bertonbois.com\/index.php\/wp-json\/wp\/v2\/product\/13451\/revisions\/13499"}],"wp:featuredmedia":[{"embeddable":true,"href":"https:\/\/bertonbois.com\/index.php\/wp-json\/wp\/v2\/media\/13498"}],"wp:attachment":[{"href":"https:\/\/bertonbois.com\/index.php\/wp-json\/wp\/v2\/media?parent=13451"}],"wp:term":[{"taxonomy":"product_brand","embeddable":true,"href":"https:\/\/bertonbois.com\/index.php\/wp-json\/wp\/v2\/product_brand?post=13451"},{"taxonomy":"product_cat","embeddable":true,"href":"https:\/\/bertonbois.com\/index.php\/wp-json\/wp\/v2\/product_cat?post=13451"},{"taxonomy":"product_tag","embeddable":true,"href":"https:\/\/bertonbois.com\/index.php\/wp-json\/wp\/v2\/product_tag?post=13451"}],"curies":[{"name":"wp","href":"https:\/\/api.w.org\/{rel}","templated":true}]}}