{"id":13447,"date":"2024-08-22T13:56:24","date_gmt":"2024-08-22T11:56:24","guid":{"rendered":"https:\/\/bertonbois.com\/?post_type=product&#038;p=13447"},"modified":"2025-12-03T14:24:34","modified_gmt":"2025-12-03T13:24:34","slug":"pellets-hp-piveteau-palette-de-72-sacs-de-15-kg","status":"publish","type":"product","link":"https:\/\/bertonbois.com\/index.php\/produit\/pellets-hp-piveteau-palette-de-72-sacs-de-15-kg\/","title":{"rendered":"Pellets HP+ Piveteau \u2013 Palette de 72 sacs de 15 kg"},"content":{"rendered":"<p>\u2013 Pouvoir calorifique : 5 kWh\/Kg minimum<br \/>\n\u2013 Densit\u00e9 en vrac : 650 Kg\/m\u00b3 minimum<br \/>\n\u2013 Taux d\u2019humidit\u00e9 : &lt; 8 % du poids total<br \/>\n\u2013 Taux de cendres : &lt; 0,3 % du poids total<br \/>\n\u2013 Taux de particules fines : &lt; 0,5 % du poids total<br \/>\n\u2013 Diam\u00e8tre : 6 mm (\u00b1 0,5 mm)<br \/>\n\u2013 Longueur : 3,15 &lt; L &lt; 40 mm<br \/>\n\u2013 Temp\u00e9rature de fusibilit\u00e9 des cendres : &gt; 1450 \u00b0C<br \/>\n\u2013 Mati\u00e8re premi\u00e8re utilis\u00e9e : copeaux et sciures de bois 100% r\u00e9sineux fran\u00e7ais, additif naturel 2% maximum<br \/>\n\u2013 Sac : poly\u00e9thylene enti\u00e8rement recyclable et fabriqu\u00e9 \u00e0 partir de 30% de mati\u00e8re recycl\u00e9<\/p>\n","protected":false},"excerpt":{"rendered":"<p>Les Pellets HP+ de\u00a0<strong>PIVETEAU<\/strong>BOIS sont fabriqu\u00e9s \u00e0 partir de copeaux et sciures de bois s\u00e9ch\u00e9s, broy\u00e9s et comprim\u00e9s directement sur les sites de production.\u00a0 Les pellets sont de qualit\u00e9 sup\u00e9rieure gr\u00e2ce \u00e0 la technologie I-Combust, exclusivit\u00e9 <strong>PIVETEAU<\/strong>BOIS. Cette technologie vous garantit un rendement optimal. Le s\u00e9chage \u00e0 ultra basse temp\u00e9rature ainsi qu\u2019un syst\u00e8me de double tamisage, font du granul\u00e9s PELLETS HP+.<\/p>\n<p>&nbsp;<\/p>\n<h2><\/h2>\n","protected":false},"featured_media":13488,"comment_status":"open","ping_status":"closed","template":"","meta":[],"product_brand":[],"product_cat":[516],"product_tag":[],"class_list":{"0":"post-13447","1":"product","2":"type-product","3":"status-publish","4":"has-post-thumbnail","6":"product_cat-granules-de-bois","8":"first","9":"instock","10":"taxable","11":"shipping-taxable","12":"purchasable","13":"product-type-simple"},"_links":{"self":[{"href":"https:\/\/bertonbois.com\/index.php\/wp-json\/wp\/v2\/product\/13447","targetHints":{"allow":["GET"]}}],"collection":[{"href":"https:\/\/bertonbois.com\/index.php\/wp-json\/wp\/v2\/product"}],"about":[{"href":"https:\/\/bertonbois.com\/index.php\/wp-json\/wp\/v2\/types\/product"}],"replies":[{"embeddable":true,"href":"https:\/\/bertonbois.com\/index.php\/wp-json\/wp\/v2\/comments?post=13447"}],"version-history":[{"count":1,"href":"https:\/\/bertonbois.com\/index.php\/wp-json\/wp\/v2\/product\/13447\/revisions"}],"predecessor-version":[{"id":13490,"href":"https:\/\/bertonbois.com\/index.php\/wp-json\/wp\/v2\/product\/13447\/revisions\/13490"}],"wp:featuredmedia":[{"embeddable":true,"href":"https:\/\/bertonbois.com\/index.php\/wp-json\/wp\/v2\/media\/13488"}],"wp:attachment":[{"href":"https:\/\/bertonbois.com\/index.php\/wp-json\/wp\/v2\/media?parent=13447"}],"wp:term":[{"taxonomy":"product_brand","embeddable":true,"href":"https:\/\/bertonbois.com\/index.php\/wp-json\/wp\/v2\/product_brand?post=13447"},{"taxonomy":"product_cat","embeddable":true,"href":"https:\/\/bertonbois.com\/index.php\/wp-json\/wp\/v2\/product_cat?post=13447"},{"taxonomy":"product_tag","embeddable":true,"href":"https:\/\/bertonbois.com\/index.php\/wp-json\/wp\/v2\/product_tag?post=13447"}],"curies":[{"name":"wp","href":"https:\/\/api.w.org\/{rel}","templated":true}]}}