{"id":12040,"date":"2024-08-21T20:33:58","date_gmt":"2024-08-21T18:33:58","guid":{"rendered":"https:\/\/bertonbois.com\/?post_type=product&#038;p=12040"},"modified":"2024-08-22T02:14:37","modified_gmt":"2024-08-22T00:14:37","slug":"orense-8-kw-poele-a-bois-deville","status":"publish","type":"product","link":"https:\/\/bertonbois.com\/index.php\/produit\/orense-8-kw-poele-a-bois-deville\/","title":{"rendered":"ORENSE 8 kW &#8211; Po\u00eale \u00e0 bois DEVILLE"},"content":{"rendered":"<ul>\n<li><span class=\"titre-data\">Puissance :<\/span>\u00a08 kW<\/li>\n<li>Plage de puissance :\u00a05 \u00e0 12 kW<\/li>\n<li>Appareil \u00e9tanche compatible RT2020<\/li>\n<li>Taille des b\u00fbches :\u00a038 cm<\/li>\n<li>Surface de chauffe :\u00a040 \u00e0 100 m\u00b3<\/li>\n<li>Rendement : 75 %<\/li>\n<li>Flamme verte 7 \u00e9toiles<\/li>\n<\/ul>\n","protected":false},"excerpt":{"rendered":"<p>Puissance :\u00a08 kW Plage de puissance :\u00a05 \u00e0 12 kW Appareil \u00e9tanche compatible RT2020 Taille des b\u00fbches :\u00a038 cm Surface<\/p>\n","protected":false},"featured_media":12627,"comment_status":"open","ping_status":"closed","template":"","meta":[],"product_brand":[],"product_cat":[499,500],"product_tag":[],"class_list":{"0":"post-12040","1":"product","2":"type-product","3":"status-publish","4":"has-post-thumbnail","6":"product_cat-chauffage","7":"product_cat-poele-a-bois","9":"first","10":"instock","11":"sale","12":"taxable","13":"shipping-taxable","14":"purchasable","15":"product-type-simple"},"_links":{"self":[{"href":"https:\/\/bertonbois.com\/index.php\/wp-json\/wp\/v2\/product\/12040","targetHints":{"allow":["GET"]}}],"collection":[{"href":"https:\/\/bertonbois.com\/index.php\/wp-json\/wp\/v2\/product"}],"about":[{"href":"https:\/\/bertonbois.com\/index.php\/wp-json\/wp\/v2\/types\/product"}],"replies":[{"embeddable":true,"href":"https:\/\/bertonbois.com\/index.php\/wp-json\/wp\/v2\/comments?post=12040"}],"version-history":[{"count":1,"href":"https:\/\/bertonbois.com\/index.php\/wp-json\/wp\/v2\/product\/12040\/revisions"}],"predecessor-version":[{"id":12629,"href":"https:\/\/bertonbois.com\/index.php\/wp-json\/wp\/v2\/product\/12040\/revisions\/12629"}],"wp:featuredmedia":[{"embeddable":true,"href":"https:\/\/bertonbois.com\/index.php\/wp-json\/wp\/v2\/media\/12627"}],"wp:attachment":[{"href":"https:\/\/bertonbois.com\/index.php\/wp-json\/wp\/v2\/media?parent=12040"}],"wp:term":[{"taxonomy":"product_brand","embeddable":true,"href":"https:\/\/bertonbois.com\/index.php\/wp-json\/wp\/v2\/product_brand?post=12040"},{"taxonomy":"product_cat","embeddable":true,"href":"https:\/\/bertonbois.com\/index.php\/wp-json\/wp\/v2\/product_cat?post=12040"},{"taxonomy":"product_tag","embeddable":true,"href":"https:\/\/bertonbois.com\/index.php\/wp-json\/wp\/v2\/product_tag?post=12040"}],"curies":[{"name":"wp","href":"https:\/\/api.w.org\/{rel}","templated":true}]}}